{"id":5405,"date":"2020-08-21T11:42:05","date_gmt":"2020-08-21T11:42:05","guid":{"rendered":"https:\/\/www.babyelf.de\/?product=pampers-81663655-baby-dry-pants-windeln-weiss"},"modified":"2026-01-16T09:03:37","modified_gmt":"2026-01-16T08:03:37","slug":"pampers-81663655-baby-dry-pants-windeln-weiss","status":"publish","type":"product","link":"https:\/\/www.babyelf.de\/?product=pampers-81663655-baby-dry-pants-windeln-weiss","title":{"rendered":"Pampers 81663655 Baby-Dry Pants windeln, wei\u00df"},"content":{"rendered":"<p><!-- show up to 2 reviews by default --><\/p>\n<h3>Produktbeschreibung<\/h3>\n<p>W\u00e4hrend Ihr Baby schl\u00e4ft, kann es sich doppelt so viel bewegen wie Sie. Das kann dazu f\u00fchren, dass Windeln Auslaufen. Pampers Baby-Dry Windeln bieten dank des einzigartigen 3-fach-schutz-systems bis zu 12 Stunden rundum-auslaufschutz, da Fl\u00fcssigkeiten sofort absorbiert und das Austreten an Taille und Beinen verhindert wird. 1) der Super saugkr\u00e4ftige Kern absorbiert Fl\u00fcssigkeiten sofort, 2) Die 2-fach verst\u00e4rkten Sicherheitsb\u00fcndchen verhindern ein Auslaufen an den Beinen und 3) die dehnbaren Seitenfl\u00fcgel passen sich angenehm an die Taille Ihres Babys an. So bieten Sie einen gro\u00dfartigen Auslaufschutz, egal wie viel sich Ihr Baby bewegt. Die Sicherheit Ihres Babys steht f\u00fcr uns an erster Stelle. Pampers Baby-Dry Windeln sind zu 100 % SICHER: Sie wurden klinisch und dermatologisch getestet und vom unabh\u00e4ngigen Institut Oeko-Tex zertifiziert. Wollen Sie mehr \u00fcber die Bestandteile erfahren? Besuchen Sie Pampers.De.<\/p>\n<h3>Set enth\u00e4lt:<\/h3>\n<p>Windeln<\/p>\n<div class=\"a-row a-expander-container a-expander-extend-container\" data-a-expander-name=\"toggle_description\">\n<div class=\"a-expander-content a-expander-extend-content\">\n<h3>Anschrift Hersteller\/Importeur<\/h3>\n<p>Sulzbacher Str. 40, 65824 Schwalbach<\/p>\n<\/div>\n<p><a class=\"a-expander-header a-declarative a-expander-extend-header\" href=\"void(0)\" data-action=\"a-expander-toggle\" data-a-expander-toggle=\"{\"><i class=\"a-icon a-icon-extender-expand\"><\/i><span class=\"a-expander-prompt\">Weitere Informationen<\/span><\/a><\/p>\n<\/div>\n<p>Einzigartiges 3-fach schutz-system f\u00fcr bis zu 12 Stunden rundum-auslaufschutz<br \/>\nWindeln mit super saugkr\u00e4ftigem Kern, der Fl\u00fcssigkeiten sofort absorbiert<br \/>\n2-Fach verst\u00e4rkte Sicherheitsb\u00fcndchen<br \/>\nDie dehnbaren Seitenfl\u00fcgel passen sich angenehm an die Taille Ihres Babys an und sorgen f\u00fcr eine sichere Passform<br \/>\nKlinisch und dermatologisch getestet, frei von 26 eu-allergenen<br \/>\n<div class=\"main-cross-sell\" data-asin=\"B074N4CZZ3\">\n\n\t<div class=\"WooZone-cross-sell-loader\">\n\t\t<div>\n\t\t\t<div id=\"floatingBarsG\">\n\t\t\t\t<div class=\"blockG\" id=\"rotateG_01\"><\/div>\n\t\t\t\t<div class=\"blockG\" id=\"rotateG_02\"><\/div>\n\t\t\t\t<div class=\"blockG\" id=\"rotateG_03\"><\/div>\n\t\t\t\t<div class=\"blockG\" id=\"rotateG_04\"><\/div>\n\t\t\t\t<div class=\"blockG\" id=\"rotateG_05\"><\/div>\n\t\t\t\t<div class=\"blockG\" id=\"rotateG_06\"><\/div>\n\t\t\t\t<div class=\"blockG\" id=\"rotateG_07\"><\/div>\n\t\t\t\t<div class=\"blockG\" id=\"rotateG_08\"><\/div>\n\t\t\t<\/div>\n\t\t\t<div class=\"WooZone-cross-sell-loader-text\"><\/div>\n\t\t<\/div>\n\t<\/div>\n\n\t\t\n<\/div>\n<div style=\"clear:both;\"><\/div>\n","protected":false},"excerpt":{"rendered":"<p>Einzigartiges 3-fach schutz-system f\u00fcr bis zu 12 Stunden rundum-auslaufschutz<br \/>\nWindeln mit super saugkr\u00e4ftigem Kern, der Fl\u00fcssigkeiten sofort absorbiert<br \/>\n2-Fach verst\u00e4rkte Sicherheitsb\u00fcndchen<\/p>\n","protected":false},"featured_media":5406,"comment_status":"open","ping_status":"closed","template":"","meta":{"rs_blank_template":"","rs_page_bg_color":"","slide_template_v7":""},"etheme_brands":[],"product_cat":[27],"product_tag":[],"class_list":{"0":"post-5405","1":"product","2":"type-product","3":"status-publish","4":"has-post-thumbnail","6":"product_cat-windeln","7":"pa_brand-pampers","9":"first","10":"instock","11":"shipping-taxable","12":"product-type-simple"},"_links":{"self":[{"href":"https:\/\/www.babyelf.de\/index.php?rest_route=\/wp\/v2\/product\/5405","targetHints":{"allow":["GET"]}}],"collection":[{"href":"https:\/\/www.babyelf.de\/index.php?rest_route=\/wp\/v2\/product"}],"about":[{"href":"https:\/\/www.babyelf.de\/index.php?rest_route=\/wp\/v2\/types\/product"}],"replies":[{"embeddable":true,"href":"https:\/\/www.babyelf.de\/index.php?rest_route=%2Fwp%2Fv2%2Fcomments&post=5405"}],"wp:featuredmedia":[{"embeddable":true,"href":"https:\/\/www.babyelf.de\/index.php?rest_route=\/wp\/v2\/media\/5406"}],"wp:attachment":[{"href":"https:\/\/www.babyelf.de\/index.php?rest_route=%2Fwp%2Fv2%2Fmedia&parent=5405"}],"wp:term":[{"taxonomy":"brand","embeddable":true,"href":"https:\/\/www.babyelf.de\/index.php?rest_route=%2Fwp%2Fv2%2Fetheme_brands&post=5405"},{"taxonomy":"product_cat","embeddable":true,"href":"https:\/\/www.babyelf.de\/index.php?rest_route=%2Fwp%2Fv2%2Fproduct_cat&post=5405"},{"taxonomy":"product_tag","embeddable":true,"href":"https:\/\/www.babyelf.de\/index.php?rest_route=%2Fwp%2Fv2%2Fproduct_tag&post=5405"}],"curies":[{"name":"wp","href":"https:\/\/api.w.org\/{rel}","templated":true}]}}