{"id":5200,"date":"2020-08-21T11:40:31","date_gmt":"2020-08-21T11:40:31","guid":{"rendered":"https:\/\/www.babyelf.de\/?product=asda-little-angels-newborn-windeln-fuer-neugeborene-groesse-1-grosspackung"},"modified":"2026-01-16T09:00:04","modified_gmt":"2026-01-16T08:00:04","slug":"asda-little-angels-newborn-windeln-fuer-neugeborene-groesse-1-grosspackung","status":"publish","type":"product","link":"https:\/\/www.babyelf.de\/?product=asda-little-angels-newborn-windeln-fuer-neugeborene-groesse-1-grosspackung","title":{"rendered":"ASDA Little Angels Newborn, Windeln f\u00fcr Neugeborene, Gr\u00f6\u00dfe 1, Gro\u00dfpackung"},"content":{"rendered":"<p><!-- show up to 2 reviews by default --> <\/p>\n<p>2\u20135 kg\/4\u201311 Pfund sicherer flexi-fit; verhindert das Auslaufen zu Baby &#8217;s Back. Sehr weich, feather-like extra weich f\u00fcr Babys empfindlicher Haut. Beinabschluss \u2013 super soft und sanft elastisch, um zu verhindern Leckagen. Verhindert, dass UMBILICAL Irritation \u2013 geschwungene Form ist schonend zu Babys empfindlicher Bauch. time-to-change N\u00e4sseindikator \u2013 Hilft Ihnen, zu wissen, wann es an der Zeit change Baby &#8217;s Bum. <\/p>\n<p>Super weich f\u00fcr Baby &#8217;s empfindliche Haut.<br \/>\nVerhindert, dass Nabelklemme Reizungen.<br \/>\nSuper weich.<br \/>\ntime-to-change N\u00e4sseindikator.<br \/>\nBigger Pack Better Value.<br \/>\n<div class=\"main-cross-sell\" data-asin=\"B07DHCLGWX\">\n\n\t<div class=\"WooZone-cross-sell-loader\">\n\t\t<div>\n\t\t\t<div id=\"floatingBarsG\">\n\t\t\t\t<div class=\"blockG\" id=\"rotateG_01\"><\/div>\n\t\t\t\t<div class=\"blockG\" id=\"rotateG_02\"><\/div>\n\t\t\t\t<div class=\"blockG\" id=\"rotateG_03\"><\/div>\n\t\t\t\t<div class=\"blockG\" id=\"rotateG_04\"><\/div>\n\t\t\t\t<div class=\"blockG\" id=\"rotateG_05\"><\/div>\n\t\t\t\t<div class=\"blockG\" id=\"rotateG_06\"><\/div>\n\t\t\t\t<div class=\"blockG\" id=\"rotateG_07\"><\/div>\n\t\t\t\t<div class=\"blockG\" id=\"rotateG_08\"><\/div>\n\t\t\t<\/div>\n\t\t\t<div class=\"WooZone-cross-sell-loader-text\"><\/div>\n\t\t<\/div>\n\t<\/div>\n\n\t\t\n<\/div>\n<div style=\"clear:both;\"><\/div>\n","protected":false},"excerpt":{"rendered":"<p>Super weich f\u00fcr Baby &#8217;s empfindliche Haut.<br \/>\nVerhindert, dass Nabelklemme Reizungen.<br \/>\nSuper weich.<\/p>\n","protected":false},"featured_media":5201,"comment_status":"open","ping_status":"closed","template":"","meta":{"rs_blank_template":"","rs_page_bg_color":"","slide_template_v7":""},"etheme_brands":[],"product_cat":[27],"product_tag":[],"class_list":{"0":"post-5200","1":"product","2":"type-product","3":"status-publish","4":"has-post-thumbnail","6":"product_cat-windeln","7":"pa_brand-brand-asda","9":"first","10":"instock","11":"shipping-taxable","12":"product-type-simple"},"_links":{"self":[{"href":"https:\/\/www.babyelf.de\/index.php?rest_route=\/wp\/v2\/product\/5200","targetHints":{"allow":["GET"]}}],"collection":[{"href":"https:\/\/www.babyelf.de\/index.php?rest_route=\/wp\/v2\/product"}],"about":[{"href":"https:\/\/www.babyelf.de\/index.php?rest_route=\/wp\/v2\/types\/product"}],"replies":[{"embeddable":true,"href":"https:\/\/www.babyelf.de\/index.php?rest_route=%2Fwp%2Fv2%2Fcomments&post=5200"}],"wp:featuredmedia":[{"embeddable":true,"href":"https:\/\/www.babyelf.de\/index.php?rest_route=\/wp\/v2\/media\/5201"}],"wp:attachment":[{"href":"https:\/\/www.babyelf.de\/index.php?rest_route=%2Fwp%2Fv2%2Fmedia&parent=5200"}],"wp:term":[{"taxonomy":"brand","embeddable":true,"href":"https:\/\/www.babyelf.de\/index.php?rest_route=%2Fwp%2Fv2%2Fetheme_brands&post=5200"},{"taxonomy":"product_cat","embeddable":true,"href":"https:\/\/www.babyelf.de\/index.php?rest_route=%2Fwp%2Fv2%2Fproduct_cat&post=5200"},{"taxonomy":"product_tag","embeddable":true,"href":"https:\/\/www.babyelf.de\/index.php?rest_route=%2Fwp%2Fv2%2Fproduct_tag&post=5200"}],"curies":[{"name":"wp","href":"https:\/\/api.w.org\/{rel}","templated":true}]}}