{"id":5105,"date":"2020-08-21T11:36:49","date_gmt":"2020-08-21T11:36:49","guid":{"rendered":"https:\/\/www.babyelf.de\/?product=alva-baby-windeln-wiederverwendbar-waschbar-6-windeln-12-einlagen-6dm16"},"modified":"2026-01-28T10:04:25","modified_gmt":"2026-01-28T09:04:25","slug":"alva-baby-windeln-wiederverwendbar-waschbar-6-windeln-12-einlagen-6dm16","status":"publish","type":"product","link":"https:\/\/www.babyelf.de\/?product=alva-baby-windeln-wiederverwendbar-waschbar-6-windeln-12-einlagen-6dm16","title":{"rendered":"ALVABABY-Windeln, wiederverwendbar, waschbar, 6 Windeln + 12 Einlagen 6DM16-DE"},"content":{"rendered":"<div class=\"disclaim\"> Farbe:<strong>6DM16<\/strong> <\/div>\n<p> <!-- show up to 2 reviews by default --> <\/p>\n<p><b>Alva Stoffwindeln werden von immer mehr M\u00fcttern empfohlen.<\/b> <\/p>\n<p><b>Eigenschaften:<\/b> <br \/>Angenehmeres Material und hochwertige Verarbeitung. <br \/>Angenehm anzufassen und zu tragen, gesundheitlich unbedenklich, mit st\u00e4rkerer Saugkraft. <br \/>Eine oder mehrere Reihen von Druckkn\u00f6pfen, die sich besser auf Ihr Baby einstellen lassen. <br \/>Diese Windeln sind wiederverwendbar und waschbar. <\/p>\n<p><b>Ma\u00dfe:<\/b> <br \/>Empfohlenes Gewicht: 3 kg (6,6 Pfund). <br \/>Empfohlenes H\u00f6chstgewicht: 15 kg (33 Pfund). <br \/>Gr\u00f6\u00dfe von klein, mittel bis gro\u00df verstellbar. <br \/>Alvababy Stoffwindeln passen den meisten Babys mit einem Gewicht von 3 &#8211; 15 kg (6,6 &#8211; 33 Pfund). <br \/>L\u00e4nge der Windel: 38,1 cm in der L\u00e4nge x 33 cm in der Breite (15 x 13 Zoll). <\/p>\n<p><b>Material:<\/b> <br \/>Sie sind saugf\u00e4higer als herk\u00f6mmliches Flanell und trocknen viel schneller nach dem Waschen. Einfache Anwendung, weich und atmungsaktiv. <br \/>Maschinenwaschbar und trocknergeeignet. <br \/>Material: 100 % Mikrofaser-Frottee. <br \/>Lieferumfang: 6 Windeln &amp; 12 Einlagen. <br \/>Einsatz: Eins\u00e4tze bestehen aus extrem saugf\u00e4higer Mikrofaser. <\/p>\n<p><b>Pflege:<\/b> <br \/>Waschtemperatur: Unter 30 \u00b0C (unter 86 \u00b0F). &#8211; <br \/>(Achtung: Bitte H\u00f6schen und Einsatz separat waschen, Windeln nicht zusammen mit Ihrer anderen Kleidung waschen. Dem Wasser eventuell ein wenig Salz zusetzen.) <\/p>\n<p>Einheitsgr\u00f6\u00dfe. 3 Digitaldruck-Windeln mit Druckkn\u00f6pfen zur Gr\u00f6\u00dfenverstellung und 3 regul\u00e4re Windeln. Mit jeweils 2 Eins\u00e4tzen.<br \/>\nVerst\u00e4rkung am Oberschenkel verhindert Auslaufen.<br \/>\nDoppelte Knopfreihe.<br \/>\n\u00c4u\u00dferst saugstarkes, atmungsaktives Material.<br \/>\nUmweltfreundlich und gesund. Wasserundurchl\u00e4ssiges Au\u00dfenmaterial.<br \/>\n<div class=\"main-cross-sell\" data-asin=\"B08CZ8WXL3\">\n\n\t<div class=\"WooZone-cross-sell-loader\">\n\t\t<div>\n\t\t\t<div id=\"floatingBarsG\">\n\t\t\t\t<div class=\"blockG\" id=\"rotateG_01\"><\/div>\n\t\t\t\t<div class=\"blockG\" id=\"rotateG_02\"><\/div>\n\t\t\t\t<div class=\"blockG\" id=\"rotateG_03\"><\/div>\n\t\t\t\t<div class=\"blockG\" id=\"rotateG_04\"><\/div>\n\t\t\t\t<div class=\"blockG\" id=\"rotateG_05\"><\/div>\n\t\t\t\t<div class=\"blockG\" id=\"rotateG_06\"><\/div>\n\t\t\t\t<div class=\"blockG\" id=\"rotateG_07\"><\/div>\n\t\t\t\t<div class=\"blockG\" id=\"rotateG_08\"><\/div>\n\t\t\t<\/div>\n\t\t\t<div class=\"WooZone-cross-sell-loader-text\"><\/div>\n\t\t<\/div>\n\t<\/div>\n\n\t\t\n<\/div>\n<div style=\"clear:both;\"><\/div>\n","protected":false},"excerpt":{"rendered":"<p>Einheitsgr\u00f6\u00dfe. 3 Digitaldruck-Windeln mit Druckkn\u00f6pfen zur Gr\u00f6\u00dfenverstellung und 3 regul\u00e4re Windeln. Mit jeweils 2 Eins\u00e4tzen.<br \/>\nVerst\u00e4rkung am Oberschenkel verhindert Auslaufen.<br \/>\nDoppelte Knopfreihe.<\/p>\n","protected":false},"featured_media":5106,"comment_status":"open","ping_status":"closed","template":"","meta":{"rs_blank_template":"","rs_page_bg_color":"","slide_template_v7":""},"etheme_brands":[],"product_cat":[27],"product_tag":[],"class_list":{"0":"post-5105","1":"product","2":"type-product","3":"status-publish","4":"has-post-thumbnail","6":"product_cat-windeln","7":"pa_brand-alvababy","9":"first","10":"instock","11":"shipping-taxable","12":"product-type-simple"},"_links":{"self":[{"href":"https:\/\/www.babyelf.de\/index.php?rest_route=\/wp\/v2\/product\/5105","targetHints":{"allow":["GET"]}}],"collection":[{"href":"https:\/\/www.babyelf.de\/index.php?rest_route=\/wp\/v2\/product"}],"about":[{"href":"https:\/\/www.babyelf.de\/index.php?rest_route=\/wp\/v2\/types\/product"}],"replies":[{"embeddable":true,"href":"https:\/\/www.babyelf.de\/index.php?rest_route=%2Fwp%2Fv2%2Fcomments&post=5105"}],"wp:featuredmedia":[{"embeddable":true,"href":"https:\/\/www.babyelf.de\/index.php?rest_route=\/wp\/v2\/media\/5106"}],"wp:attachment":[{"href":"https:\/\/www.babyelf.de\/index.php?rest_route=%2Fwp%2Fv2%2Fmedia&parent=5105"}],"wp:term":[{"taxonomy":"brand","embeddable":true,"href":"https:\/\/www.babyelf.de\/index.php?rest_route=%2Fwp%2Fv2%2Fetheme_brands&post=5105"},{"taxonomy":"product_cat","embeddable":true,"href":"https:\/\/www.babyelf.de\/index.php?rest_route=%2Fwp%2Fv2%2Fproduct_cat&post=5105"},{"taxonomy":"product_tag","embeddable":true,"href":"https:\/\/www.babyelf.de\/index.php?rest_route=%2Fwp%2Fv2%2Fproduct_tag&post=5105"}],"curies":[{"name":"wp","href":"https:\/\/api.w.org\/{rel}","templated":true}]}}