{"id":5054,"date":"2020-08-21T11:36:26","date_gmt":"2020-08-21T11:36:26","guid":{"rendered":"https:\/\/www.babyelf.de\/?product=alvababy-windeln-wiederverwendbar-waschbar-6-windeln-12-einlagen-6dm10-de"},"modified":"2026-01-16T08:59:05","modified_gmt":"2026-01-16T07:59:05","slug":"alvababy-windeln-wiederverwendbar-waschbar-6-windeln-12-einlagen-6dm10-de","status":"publish","type":"product","link":"https:\/\/www.babyelf.de\/?product=alvababy-windeln-wiederverwendbar-waschbar-6-windeln-12-einlagen-6dm10-de","title":{"rendered":"ALVABABY-Windeln, wiederverwendbar, waschbar, 6 Windeln + 12 Einlagen 6DM10-DE"},"content":{"rendered":"<div class=\"disclaim\"> Farbe:<strong>6DM10<\/strong> <\/div>\n<p> <!-- show up to 2 reviews by default --> <\/p>\n<p>Die Stoffwindeln von Alva ziehen mehr Wertsch\u00e4tzung der M\u00fcttern an. <\/p>\n<p><b>Eigenart<\/b> <br \/>Sie verf\u00fcgen \u00fcber bequeme Materien und gute Fertigung <br \/>Die Stoffwindeln f\u00fchlt sich weicher und bequemer f\u00fcr Baby, Schadstoff-frei, super absorbierend <br \/>Jede Stoffwindeln haben Gr\u00f6\u00dfenanpassung f\u00fcr Ihre Babys wegen des Knopfsystem <br \/>Die Stoffwindeln von Alvababy eignet sich f\u00fcr Babys von 6 bis 33 Pfunde <br \/>Diese Windeln sind waschbar und wieder benutzbar <br \/>Beim Waschen k\u00f6nnen Sie die Waschmaschine und Trockner nutzen. <\/p>\n<p><b>Gr\u00f6\u00dfe<\/b> <br \/> Erh\u00e4ltlich in den Gr\u00f6\u00dfen der Einlage: c.a. 37*35 cm <br \/> Jeder Pack enth\u00e4ltet 6 Stoffwindel\u00fcberhose + 12 Windeleinlagen <\/p>\n<p><b> Das Material<\/b> <br \/>100% mikrofaserige Tuche <br \/> Einlage : Einlagen bestehen aus Mikrofasestoff mit bester Saugf\u00e4higkeit <br \/>Sie haben bessere Saugf\u00e4higkeit als gew\u00f6hnliche Flannel, und trocknen sehr schnell nach dem Waschen. Einfach zu nutzen , weich und atmungsaktiv <\/p>\n<p><b> Pflege<\/b> <br \/> es w\u00e4re besser, wenn Sie die \u00dcberhosen und Einlagen separat waschen, und auch nicht mit anderer Kleidung zusammen waschen <\/p>\n<p>Alle Windel\u00fcberhosen beim Einheitsma\u00df<br \/>\nWasserdicht<br \/>\nSuper saugendes und atmungsaktives Material<br \/>\nGr\u00f6\u00dfenanpassung durch Knopfsystem<br \/>\nUmweltfreundlich und gesund. Wasserdichte Au\u00dfeseite<br \/>\n<div class=\"main-cross-sell\" data-asin=\"B013FWPY82\">\n\n\t<div class=\"WooZone-cross-sell-loader\">\n\t\t<div>\n\t\t\t<div id=\"floatingBarsG\">\n\t\t\t\t<div class=\"blockG\" id=\"rotateG_01\"><\/div>\n\t\t\t\t<div class=\"blockG\" id=\"rotateG_02\"><\/div>\n\t\t\t\t<div class=\"blockG\" id=\"rotateG_03\"><\/div>\n\t\t\t\t<div class=\"blockG\" id=\"rotateG_04\"><\/div>\n\t\t\t\t<div class=\"blockG\" id=\"rotateG_05\"><\/div>\n\t\t\t\t<div class=\"blockG\" id=\"rotateG_06\"><\/div>\n\t\t\t\t<div class=\"blockG\" id=\"rotateG_07\"><\/div>\n\t\t\t\t<div class=\"blockG\" id=\"rotateG_08\"><\/div>\n\t\t\t<\/div>\n\t\t\t<div class=\"WooZone-cross-sell-loader-text\"><\/div>\n\t\t<\/div>\n\t<\/div>\n\n\t\t\n<\/div>\n<div style=\"clear:both;\"><\/div>\n","protected":false},"excerpt":{"rendered":"<p>Alle Windel\u00fcberhosen beim Einheitsma\u00df<br \/>\nWasserdicht<br \/>\nSuper saugendes und atmungsaktives Material<\/p>\n","protected":false},"featured_media":5055,"comment_status":"open","ping_status":"closed","template":"","meta":{"rs_blank_template":"","rs_page_bg_color":"","slide_template_v7":""},"etheme_brands":[],"product_cat":[27],"product_tag":[],"class_list":{"0":"post-5054","1":"product","2":"type-product","3":"status-publish","4":"has-post-thumbnail","6":"product_cat-windeln","7":"pa_brand-alvababy","9":"first","10":"instock","11":"shipping-taxable","12":"product-type-simple"},"_links":{"self":[{"href":"https:\/\/www.babyelf.de\/index.php?rest_route=\/wp\/v2\/product\/5054","targetHints":{"allow":["GET"]}}],"collection":[{"href":"https:\/\/www.babyelf.de\/index.php?rest_route=\/wp\/v2\/product"}],"about":[{"href":"https:\/\/www.babyelf.de\/index.php?rest_route=\/wp\/v2\/types\/product"}],"replies":[{"embeddable":true,"href":"https:\/\/www.babyelf.de\/index.php?rest_route=%2Fwp%2Fv2%2Fcomments&post=5054"}],"wp:featuredmedia":[{"embeddable":true,"href":"https:\/\/www.babyelf.de\/index.php?rest_route=\/wp\/v2\/media\/5055"}],"wp:attachment":[{"href":"https:\/\/www.babyelf.de\/index.php?rest_route=%2Fwp%2Fv2%2Fmedia&parent=5054"}],"wp:term":[{"taxonomy":"brand","embeddable":true,"href":"https:\/\/www.babyelf.de\/index.php?rest_route=%2Fwp%2Fv2%2Fetheme_brands&post=5054"},{"taxonomy":"product_cat","embeddable":true,"href":"https:\/\/www.babyelf.de\/index.php?rest_route=%2Fwp%2Fv2%2Fproduct_cat&post=5054"},{"taxonomy":"product_tag","embeddable":true,"href":"https:\/\/www.babyelf.de\/index.php?rest_route=%2Fwp%2Fv2%2Fproduct_tag&post=5054"}],"curies":[{"name":"wp","href":"https:\/\/api.w.org\/{rel}","templated":true}]}}