{"id":5020,"date":"2020-08-21T11:36:10","date_gmt":"2020-08-21T11:36:10","guid":{"rendered":"https:\/\/www.babyelf.de\/?product=gruenspecht-564-00-mullwindeln-weiss"},"modified":"2026-01-16T08:59:05","modified_gmt":"2026-01-16T07:59:05","slug":"gruenspecht-564-00-mullwindeln-weiss","status":"publish","type":"product","link":"https:\/\/www.babyelf.de\/?product=gruenspecht-564-00-mullwindeln-weiss","title":{"rendered":"Gr\u00fcnspecht 564-00 Mullwindeln, wei\u00df, 10 St\u00fcck"},"content":{"rendered":"<p><!-- show up to 2 reviews by default --> <\/p>\n<h3>Produktbeschreibung<\/h3>\n<p>GR\u00dcNSPECHT 564-00 Mullwindeln \/ Spuckt\u00fccher \/ Baumwollt\u00fccher \/ Stoffwindeln &#8211; 10er Pack, 80&#215;80 cm, wei\u00df ohne optische Aufheller | PREMIUM QUALIT\u00c4T &#8211; schadstoffgepr\u00fcft, doppelt gewebt, extra weich , \u00d6KOTEX zertifiziert, 4-fach ums\u00e4umt, kochfest | Stoffwindeln &amp; Mullt\u00fccher f\u00fcrs Baby <\/p>\n<h3>Set enth\u00e4lt:<\/h3>\n<p>10 wei\u00dfe Mullwindeln; Gebrauchsanweisung <\/p>\n<p>Vielseitig verwendbar &#8211; Ideal geeignet als Spucktuch, Unterlage oder Sommerdecke. Mullwindeln sind als vielseitiger Alltagshelfer unverzichtbar.<br \/>\nFrei von Schadstoffen und optischen Aufhellern &#8211; Getestet und schadstoffgepr\u00fcft nach \u00d6kotex Standard 100 &#8211; Pr\u00fcfnummer: 10.081756 Hohenstein<br \/>\nPremium Qualit\u00e4t &#8211; Die Mullwindeln sind doppelt gewebt, der Rand 4-fach vern\u00e4ht. Dadurch sind die Mullwindeln dicker, weicher, saugf\u00e4higer und formbest\u00e4ndiger.<br \/>\n10er Pack, Ma\u00dfe pro Tuch 80&#215;80 cm, wei\u00df ohne optische Aufheller<br \/>\n<div class=\"main-cross-sell\" data-asin=\"B079XFN9V9\">\n\n\t<div class=\"WooZone-cross-sell-loader\">\n\t\t<div>\n\t\t\t<div id=\"floatingBarsG\">\n\t\t\t\t<div class=\"blockG\" id=\"rotateG_01\"><\/div>\n\t\t\t\t<div class=\"blockG\" id=\"rotateG_02\"><\/div>\n\t\t\t\t<div class=\"blockG\" id=\"rotateG_03\"><\/div>\n\t\t\t\t<div class=\"blockG\" id=\"rotateG_04\"><\/div>\n\t\t\t\t<div class=\"blockG\" id=\"rotateG_05\"><\/div>\n\t\t\t\t<div class=\"blockG\" id=\"rotateG_06\"><\/div>\n\t\t\t\t<div class=\"blockG\" id=\"rotateG_07\"><\/div>\n\t\t\t\t<div class=\"blockG\" id=\"rotateG_08\"><\/div>\n\t\t\t<\/div>\n\t\t\t<div class=\"WooZone-cross-sell-loader-text\"><\/div>\n\t\t<\/div>\n\t<\/div>\n\n\t\t\n<\/div>\n<div style=\"clear:both;\"><\/div>\n","protected":false},"excerpt":{"rendered":"<p>Vielseitig verwendbar &#8211; Ideal geeignet als Spucktuch, Unterlage oder Sommerdecke. Mullwindeln sind als vielseitiger Alltagshelfer unverzichtbar.<br \/>\nFrei von Schadstoffen und optischen Aufhellern &#8211; Getestet und schadstoffgepr\u00fcft nach \u00d6kotex Standard 100 &#8211; Pr\u00fcfnummer: 10.081756 Hohenstein<br \/>\nPremium Qualit\u00e4t &#8211; Die Mullwindeln sind doppelt gewebt, der Rand 4-fach vern\u00e4ht. Dadurch sind die Mullwindeln dicker, weicher, saugf\u00e4higer und formbest\u00e4ndiger.<\/p>\n","protected":false},"featured_media":5021,"comment_status":"open","ping_status":"closed","template":"","meta":{"rs_blank_template":"","rs_page_bg_color":"","slide_template_v7":""},"etheme_brands":[],"product_cat":[27],"product_tag":[],"class_list":{"0":"post-5020","1":"product","2":"type-product","3":"status-publish","4":"has-post-thumbnail","6":"product_cat-windeln","7":"pa_brand-unbekannt","9":"first","10":"instock","11":"shipping-taxable","12":"product-type-simple"},"_links":{"self":[{"href":"https:\/\/www.babyelf.de\/index.php?rest_route=\/wp\/v2\/product\/5020","targetHints":{"allow":["GET"]}}],"collection":[{"href":"https:\/\/www.babyelf.de\/index.php?rest_route=\/wp\/v2\/product"}],"about":[{"href":"https:\/\/www.babyelf.de\/index.php?rest_route=\/wp\/v2\/types\/product"}],"replies":[{"embeddable":true,"href":"https:\/\/www.babyelf.de\/index.php?rest_route=%2Fwp%2Fv2%2Fcomments&post=5020"}],"wp:featuredmedia":[{"embeddable":true,"href":"https:\/\/www.babyelf.de\/index.php?rest_route=\/wp\/v2\/media\/5021"}],"wp:attachment":[{"href":"https:\/\/www.babyelf.de\/index.php?rest_route=%2Fwp%2Fv2%2Fmedia&parent=5020"}],"wp:term":[{"taxonomy":"brand","embeddable":true,"href":"https:\/\/www.babyelf.de\/index.php?rest_route=%2Fwp%2Fv2%2Fetheme_brands&post=5020"},{"taxonomy":"product_cat","embeddable":true,"href":"https:\/\/www.babyelf.de\/index.php?rest_route=%2Fwp%2Fv2%2Fproduct_cat&post=5020"},{"taxonomy":"product_tag","embeddable":true,"href":"https:\/\/www.babyelf.de\/index.php?rest_route=%2Fwp%2Fv2%2Fproduct_tag&post=5020"}],"curies":[{"name":"wp","href":"https:\/\/api.w.org\/{rel}","templated":true}]}}