{"id":5010,"date":"2020-08-21T11:36:06","date_gmt":"2020-08-21T11:36:06","guid":{"rendered":"https:\/\/www.babyelf.de\/?product=pampers-premium-protection-groesse-3-35-windeln-6kg-10kg"},"modified":"2026-01-16T08:58:54","modified_gmt":"2026-01-16T07:58:54","slug":"pampers-premium-protection-groesse-3-35-windeln-6kg-10kg","status":"publish","type":"product","link":"https:\/\/www.babyelf.de\/?product=pampers-premium-protection-groesse-3-35-windeln-6kg-10kg","title":{"rendered":"Pampers Baby Windeln Gr\u00f6\u00dfe 3 (6-10kg) Premium Protection, 35 St\u00fcck, Pampers Weichster Komfort Und Schutz"},"content":{"rendered":"<div class=\"disclaim\"> Gr\u00f6\u00dfe:<strong>Einzelpack<\/strong> <\/div>\n<p> <!-- show up to 2 reviews by default --> <\/p>\n<h3>Produktbeschreibung<\/h3>\n<p>Verw\u00f6hnen Sie Ihr Baby mit Pampers Premium Protection, dem weichsten Komfort und Schutz von Pampers. Das neue Heart Quilts Innenvlies f\u00fchlt sich noch weicher auf der Babyhaut an und nimmt Feuchtigkeit optimal auf. Der Urin-Indikator zeigt an, wann es Zeit f\u00fcr eine frische Windel sein k\u00f6nnte. Die weichen, dehnbaren Seitenb\u00fcndchen verhindern, dass die Windel verrutscht, indem sie sich an jede Bewegung Ihres Babys anpassen. Pampers Premium Protection ist jetzt in einer Verpackung erh\u00e4ltlich. (enth\u00e4lt keine Federn) <\/p>\n<h3>Anschrift Hersteller\/Importeur<\/h3>\n<p>65823 Schwalbach am Taunus <\/p>\n<p>Nr. 1 in deutschen Geburtsstationen (Basierend auf den Verk\u00e4ufen der Gr\u00f6\u00dfen 0, 1 und 2 in Geburtsstationen 2018 in Deutschland)<br \/>\nDas Heart Quilts Innenvlies f\u00fchlt sich noch weicher auf der Babyhaut an und nimmt Feuchtigkeit optimal auf<br \/>\nAusgew\u00e4hlte federweiche Materialien f\u00fcr Pampers sanfteste Ber\u00fchrung auf der Babyhaut (enth\u00e4lt keine Federn)<br \/>\nDer Urin-Indikator zeigt an, wann es Zeit f\u00fcr eine frische Windel sein k\u00f6nnte<br \/>\nWindeln mit Luftkan\u00e4len f\u00fcr bis zu 12 Stunden atmungsaktive Trockenheit<br \/>\nWeiche, dehnbare Seitenb\u00fcndchen f\u00fcr eine bequeme Passform<br \/>\n<div class=\"main-cross-sell\" data-asin=\"B084FL79R4\">\n\n\t<div class=\"WooZone-cross-sell-loader\">\n\t\t<div>\n\t\t\t<div id=\"floatingBarsG\">\n\t\t\t\t<div class=\"blockG\" id=\"rotateG_01\"><\/div>\n\t\t\t\t<div class=\"blockG\" id=\"rotateG_02\"><\/div>\n\t\t\t\t<div class=\"blockG\" id=\"rotateG_03\"><\/div>\n\t\t\t\t<div class=\"blockG\" id=\"rotateG_04\"><\/div>\n\t\t\t\t<div class=\"blockG\" id=\"rotateG_05\"><\/div>\n\t\t\t\t<div class=\"blockG\" id=\"rotateG_06\"><\/div>\n\t\t\t\t<div class=\"blockG\" id=\"rotateG_07\"><\/div>\n\t\t\t\t<div class=\"blockG\" id=\"rotateG_08\"><\/div>\n\t\t\t<\/div>\n\t\t\t<div class=\"WooZone-cross-sell-loader-text\"><\/div>\n\t\t<\/div>\n\t<\/div>\n\n\t\t\n<\/div>\n<div style=\"clear:both;\"><\/div>\n","protected":false},"excerpt":{"rendered":"<p>Nr. 1 in deutschen Geburtsstationen (Basierend auf den Verk\u00e4ufen der Gr\u00f6\u00dfen 0, 1 und 2 in Geburtsstationen 2018 in Deutschland)<br \/>\nDas Heart Quilts Innenvlies f\u00fchlt sich noch weicher auf der Babyhaut an und nimmt Feuchtigkeit optimal auf<br \/>\nAusgew\u00e4hlte federweiche Materialien f\u00fcr Pampers sanfteste Ber\u00fchrung auf der Babyhaut (enth\u00e4lt keine Federn)<\/p>\n","protected":false},"featured_media":5011,"comment_status":"open","ping_status":"closed","template":"","meta":{"rs_blank_template":"","rs_page_bg_color":"","slide_template_v7":""},"etheme_brands":[],"product_cat":[27],"product_tag":[],"class_list":{"0":"post-5010","1":"product","2":"type-product","3":"status-publish","4":"has-post-thumbnail","6":"product_cat-windeln","7":"pa_brand-pampers","9":"first","10":"instock","11":"shipping-taxable","12":"product-type-simple"},"_links":{"self":[{"href":"https:\/\/www.babyelf.de\/index.php?rest_route=\/wp\/v2\/product\/5010","targetHints":{"allow":["GET"]}}],"collection":[{"href":"https:\/\/www.babyelf.de\/index.php?rest_route=\/wp\/v2\/product"}],"about":[{"href":"https:\/\/www.babyelf.de\/index.php?rest_route=\/wp\/v2\/types\/product"}],"replies":[{"embeddable":true,"href":"https:\/\/www.babyelf.de\/index.php?rest_route=%2Fwp%2Fv2%2Fcomments&post=5010"}],"wp:featuredmedia":[{"embeddable":true,"href":"https:\/\/www.babyelf.de\/index.php?rest_route=\/wp\/v2\/media\/5011"}],"wp:attachment":[{"href":"https:\/\/www.babyelf.de\/index.php?rest_route=%2Fwp%2Fv2%2Fmedia&parent=5010"}],"wp:term":[{"taxonomy":"brand","embeddable":true,"href":"https:\/\/www.babyelf.de\/index.php?rest_route=%2Fwp%2Fv2%2Fetheme_brands&post=5010"},{"taxonomy":"product_cat","embeddable":true,"href":"https:\/\/www.babyelf.de\/index.php?rest_route=%2Fwp%2Fv2%2Fproduct_cat&post=5010"},{"taxonomy":"product_tag","embeddable":true,"href":"https:\/\/www.babyelf.de\/index.php?rest_route=%2Fwp%2Fv2%2Fproduct_tag&post=5010"}],"curies":[{"name":"wp","href":"https:\/\/api.w.org\/{rel}","templated":true}]}}