{"id":4130,"date":"2020-08-21T10:16:15","date_gmt":"2020-08-21T10:16:15","guid":{"rendered":"https:\/\/www.babyelf.de\/?product=baby-jogger-1962909-city-premier-single-kindersportwagen-blau"},"modified":"2026-01-16T08:26:15","modified_gmt":"2026-01-16T07:26:15","slug":"baby-jogger-1962909-city-premier-single-kindersportwagen-blau","status":"publish","type":"product","link":"https:\/\/www.babyelf.de\/?product=baby-jogger-1962909-city-premier-single-kindersportwagen-blau","title":{"rendered":"Baby Jogger 1962909 City PREMIER Single Kindersportwagen, blau"},"content":{"rendered":"<div>Baby Jogger 1962909 City PREMIER Single Kindersportwagen<\/div>\n<div class=\"disclaim\">Farbe:<strong>Blau<\/strong><\/div>\n<p><!-- show up to 2 reviews by default --><\/p>\n<h3>Produktbeschreibung<\/h3>\n<p>Geeignet f\u00fcr Kinder von 6 Monaten bis ca. 3 Jahre Falten k\u00f6nnen den Kinderwagen mit Sitz blicken in Richtung mit Quick Fold-Technologie Strapazierf\u00e4higes PU-R\u00e4der, 30,5 cm Hinterr\u00e4der\/20,3 cm Front R\u00e4der Teleskop-Lenkstange Auto Seat oder Deluxe Kinderwagen k\u00f6nnen an der Rahmen mit Adapter .<\/p>\n<h3>Inhaltsstoffe \/ Zutaten<\/h3>\n<p>keine Angabe<\/p>\n<div class=\"a-row a-expander-container a-expander-extend-container\" data-a-expander-name=\"toggle_description\">\n<div class=\"a-expander-content a-expander-extend-content\">\n<h3>Set enth\u00e4lt:<\/h3>\n<p>Baby Jogger City PREMIER Single Kindersportwagen (Indigo)<\/p>\n<\/div>\n<p><a class=\"a-expander-header a-declarative a-expander-extend-header\" href=\"void(0)\" data-action=\"a-expander-toggle\" data-a-expander-toggle=\"{\"><i class=\"a-icon a-icon-extender-expand\"><\/i><span class=\"a-expander-prompt\">Weitere Informationen<\/span><\/a><\/p>\n<\/div>\n<p>Geeignet f\u00fcr Kinder von 6 Monaten bis ca. 3 Jahre<br \/>\nFalten k\u00f6nnen den Kinderwagen mit Sitz blicken in Richtung mit Quick Fold-Technologie<br \/>\nStrapazierf\u00e4higes PU-R\u00e4der, 30,5 cm Hinterr\u00e4der\/20,3 cm Front R\u00e4der<br \/>\n<div class=\"main-cross-sell\" data-asin=\"B01DZYXXH4\">\n\n\t<div class=\"WooZone-cross-sell-loader\">\n\t\t<div>\n\t\t\t<div id=\"floatingBarsG\">\n\t\t\t\t<div class=\"blockG\" id=\"rotateG_01\"><\/div>\n\t\t\t\t<div class=\"blockG\" id=\"rotateG_02\"><\/div>\n\t\t\t\t<div class=\"blockG\" id=\"rotateG_03\"><\/div>\n\t\t\t\t<div class=\"blockG\" id=\"rotateG_04\"><\/div>\n\t\t\t\t<div class=\"blockG\" id=\"rotateG_05\"><\/div>\n\t\t\t\t<div class=\"blockG\" id=\"rotateG_06\"><\/div>\n\t\t\t\t<div class=\"blockG\" id=\"rotateG_07\"><\/div>\n\t\t\t\t<div class=\"blockG\" id=\"rotateG_08\"><\/div>\n\t\t\t<\/div>\n\t\t\t<div class=\"WooZone-cross-sell-loader-text\"><\/div>\n\t\t<\/div>\n\t<\/div>\n\n\t\t\n<\/div>\n<div style=\"clear:both;\"><\/div>\n","protected":false},"excerpt":{"rendered":"<p>Baby Jogger 1962909 City PREMIER Single Kindersportwagen<\/p>\n<p>Geeignet f\u00fcr Kinder von 6 Monaten bis ca. 3 Jahre<br \/>\nFalten k\u00f6nnen den Kinderwagen mit Sitz blicken in Richtung mit Quick Fold-Technologie<br \/>\nStrapazierf\u00e4higes PU-R\u00e4der, 30,5 cm Hinterr\u00e4der\/20,3 cm Front R\u00e4der<\/p>\n","protected":false},"featured_media":4131,"comment_status":"open","ping_status":"closed","template":"","meta":{"rs_blank_template":"","rs_page_bg_color":"","slide_template_v7":""},"etheme_brands":[],"product_cat":[25],"product_tag":[],"class_list":{"0":"post-4130","1":"product","2":"type-product","3":"status-publish","4":"has-post-thumbnail","6":"product_cat-kinderwagen","7":"pa_brand-baby-jogger","9":"first","10":"instock","11":"shipping-taxable","12":"product-type-simple"},"_links":{"self":[{"href":"https:\/\/www.babyelf.de\/index.php?rest_route=\/wp\/v2\/product\/4130","targetHints":{"allow":["GET"]}}],"collection":[{"href":"https:\/\/www.babyelf.de\/index.php?rest_route=\/wp\/v2\/product"}],"about":[{"href":"https:\/\/www.babyelf.de\/index.php?rest_route=\/wp\/v2\/types\/product"}],"replies":[{"embeddable":true,"href":"https:\/\/www.babyelf.de\/index.php?rest_route=%2Fwp%2Fv2%2Fcomments&post=4130"}],"wp:featuredmedia":[{"embeddable":true,"href":"https:\/\/www.babyelf.de\/index.php?rest_route=\/wp\/v2\/media\/4131"}],"wp:attachment":[{"href":"https:\/\/www.babyelf.de\/index.php?rest_route=%2Fwp%2Fv2%2Fmedia&parent=4130"}],"wp:term":[{"taxonomy":"brand","embeddable":true,"href":"https:\/\/www.babyelf.de\/index.php?rest_route=%2Fwp%2Fv2%2Fetheme_brands&post=4130"},{"taxonomy":"product_cat","embeddable":true,"href":"https:\/\/www.babyelf.de\/index.php?rest_route=%2Fwp%2Fv2%2Fproduct_cat&post=4130"},{"taxonomy":"product_tag","embeddable":true,"href":"https:\/\/www.babyelf.de\/index.php?rest_route=%2Fwp%2Fv2%2Fproduct_tag&post=4130"}],"curies":[{"name":"wp","href":"https:\/\/api.w.org\/{rel}","templated":true}]}}