{"id":4055,"date":"2020-08-21T10:15:25","date_gmt":"2020-08-21T10:15:25","guid":{"rendered":"https:\/\/www.babyelf.de\/?product=peg-perego-bpmax1cnav-pliko-mini-kinder-sportwagen-blau-class-navy"},"modified":"2026-01-16T08:26:04","modified_gmt":"2026-01-16T07:26:04","slug":"peg-perego-bpmax1cnav-pliko-mini-kinder-sportwagen-blau-class-navy","status":"publish","type":"product","link":"https:\/\/www.babyelf.de\/?product=peg-perego-bpmax1cnav-pliko-mini-kinder-sportwagen-blau-class-navy","title":{"rendered":"Peg Perego &#8211; BPMAX1CNAV Pliko Mini Kinder Sportwagen, Blau (Class Navy)"},"content":{"rendered":"<div class=\"disclaim\"> Farbe:<strong>blau<\/strong> | Stil:<strong>Einzeln<\/strong> <\/div>\n<p> <!-- show up to 2 reviews by default --> <\/p>\n<h3>Produktbeschreibung<\/h3>\n<p>Der komfortable Mini-Sportwagen von Peg Perego passt in jeden Kofferraum und ist somit ideal f\u00fcr junge und Mobile Familien, die viel unterwegs sind. Die R\u00fcckenlehne l\u00e4sst sich mit nur einer Hand 3-fach verstellen und bis hin zur Liegeposition absenken, so steht einem Schl\u00e4fchen zwischendurch nichts mehr im Wege. Die Beinchen k\u00f6nnen bei kleinen Kindern auf der 2-fach verstellbaren Beinst\u00fctze abgelegt werden. Die gro\u00dfe Sitz- und Liegefl\u00e4che mit 5-Punkt Gurt bietet komfortablen Raum f\u00fcr das Kleinkind beim Spazieren fahren. Das gro\u00dfe Sonnenverdeck mit Sichtfenster ist aus Stoffen die mit Lichtschutzfaktor UPF 50+ ausgestattet sind und somit das Kind vor UV-Strahlen sch\u00fctzen. Es kann bei Bedarf auch abgenommen werden. Die erh\u00f6hte Belastbarkeit von bis zu 20 kg auf der Sitzfl\u00e4che und 5 kg im Netzkorb macht den Pliko Mini trotz seines geringen Eigengewichts von nur 5, 7 kg zu einem starken Begleiter daheim und auch im Urlaub. Vergleichbare Modelle sind meist nur bis 15 kg auf der Sitzfl\u00e4che zertifiziert. Der integrierte Netzkorb bietet viel Stauraum f\u00fcr verschiedene Utensilien wie Windeln oder Eink\u00e4ufe. Der Pliko Mini l\u00e4sst sich Regenschirmartig mit nur einer Hand und ohne B\u00fccken zusammenklappen und steht anschlie\u00dfend frei. Zusammengeklappt nimmt er sehr wenig Stauraum ein und kann dank einem seitlichen Griff praktisch angehoben werden. Die h\u00f6henverstellbaren Schiebegriffe erm\u00f6glichen eine individuelle Anpassung an die Gr\u00f6\u00dfe der Eltern. Die Doppelr\u00e4der mit farblich angepassten radkappen sorgen f\u00fcr ein ruhiges Fahrgef\u00fchl. Die Vorderr\u00e4der sind schwenkbar, lassen sich aber auch Feststellen wenn das Gel\u00e4nde etwas uneben wird. An den Hinterr\u00e4dern hat der Pliko Mini eine Teleskopfederung und eine beidseitig wirkende Feststellbremse die einfach mit dem Fu\u00df bet\u00e4tigt wird. Bezug abnehmbar, bei maximal 30\u00b0 von Hand waschbar. <\/p>\n<h3>Set enth\u00e4lt:<\/h3>\n<p>Buggy; Verdeck; Netzkorb; Bedienungsanleitung; Bedienungsanleitung <\/p>\n<p>Made in Italy &#8211; entwickelt und produziert in Italien<br \/>\nSehr leicht (5, 7 kg), trotzdem hohe und breite R\u00fcckenlehne, guter Sitz-\/Liegekomfort<br \/>\nPasst in jeden Kofferraum (extrem klein zusammenklappbar: 94 x 33 x 30, 5 cm)<br \/>\n2-Fach h\u00f6henverstellbare schiebergriffe<br \/>\nInklusive Verdeck und Netzkorb<br \/>\n<div class=\"main-cross-sell\" data-asin=\"B07HS9CBGM\">\n\n\t<div class=\"WooZone-cross-sell-loader\">\n\t\t<div>\n\t\t\t<div id=\"floatingBarsG\">\n\t\t\t\t<div class=\"blockG\" id=\"rotateG_01\"><\/div>\n\t\t\t\t<div class=\"blockG\" id=\"rotateG_02\"><\/div>\n\t\t\t\t<div class=\"blockG\" id=\"rotateG_03\"><\/div>\n\t\t\t\t<div class=\"blockG\" id=\"rotateG_04\"><\/div>\n\t\t\t\t<div class=\"blockG\" id=\"rotateG_05\"><\/div>\n\t\t\t\t<div class=\"blockG\" id=\"rotateG_06\"><\/div>\n\t\t\t\t<div class=\"blockG\" id=\"rotateG_07\"><\/div>\n\t\t\t\t<div class=\"blockG\" id=\"rotateG_08\"><\/div>\n\t\t\t<\/div>\n\t\t\t<div class=\"WooZone-cross-sell-loader-text\"><\/div>\n\t\t<\/div>\n\t<\/div>\n\n\t\t\n<\/div>\n<div style=\"clear:both;\"><\/div>\n","protected":false},"excerpt":{"rendered":"<p>Made in Italy &#8211; entwickelt und produziert in Italien<br \/>\nSehr leicht (5, 7 kg), trotzdem hohe und breite R\u00fcckenlehne, guter Sitz-\/Liegekomfort<br \/>\nPasst in jeden Kofferraum (extrem klein zusammenklappbar: 94 x 33 x 30, 5 cm)<\/p>\n","protected":false},"featured_media":4056,"comment_status":"open","ping_status":"closed","template":"","meta":{"rs_blank_template":"","rs_page_bg_color":"","slide_template_v7":""},"etheme_brands":[],"product_cat":[25],"product_tag":[],"class_list":{"0":"post-4055","1":"product","2":"type-product","3":"status-publish","4":"has-post-thumbnail","6":"product_cat-kinderwagen","7":"pa_brand-peg-perego","9":"first","10":"instock","11":"shipping-taxable","12":"product-type-simple"},"_links":{"self":[{"href":"https:\/\/www.babyelf.de\/index.php?rest_route=\/wp\/v2\/product\/4055","targetHints":{"allow":["GET"]}}],"collection":[{"href":"https:\/\/www.babyelf.de\/index.php?rest_route=\/wp\/v2\/product"}],"about":[{"href":"https:\/\/www.babyelf.de\/index.php?rest_route=\/wp\/v2\/types\/product"}],"replies":[{"embeddable":true,"href":"https:\/\/www.babyelf.de\/index.php?rest_route=%2Fwp%2Fv2%2Fcomments&post=4055"}],"wp:featuredmedia":[{"embeddable":true,"href":"https:\/\/www.babyelf.de\/index.php?rest_route=\/wp\/v2\/media\/4056"}],"wp:attachment":[{"href":"https:\/\/www.babyelf.de\/index.php?rest_route=%2Fwp%2Fv2%2Fmedia&parent=4055"}],"wp:term":[{"taxonomy":"brand","embeddable":true,"href":"https:\/\/www.babyelf.de\/index.php?rest_route=%2Fwp%2Fv2%2Fetheme_brands&post=4055"},{"taxonomy":"product_cat","embeddable":true,"href":"https:\/\/www.babyelf.de\/index.php?rest_route=%2Fwp%2Fv2%2Fproduct_cat&post=4055"},{"taxonomy":"product_tag","embeddable":true,"href":"https:\/\/www.babyelf.de\/index.php?rest_route=%2Fwp%2Fv2%2Fproduct_tag&post=4055"}],"curies":[{"name":"wp","href":"https:\/\/api.w.org\/{rel}","templated":true}]}}