{"id":3322,"date":"2020-08-21T09:41:44","date_gmt":"2020-08-21T09:41:44","guid":{"rendered":"https:\/\/www.babyelf.de\/?product=sylvanian-families-5334-baby-abenteuer-karussell"},"modified":"2026-01-16T08:16:02","modified_gmt":"2026-01-16T07:16:02","slug":"sylvanian-families-5334-baby-abenteuer-karussell","status":"publish","type":"product","link":"https:\/\/www.babyelf.de\/?product=sylvanian-families-5334-baby-abenteuer-karussell","title":{"rendered":"Sylvanian Families 5334 Baby Abenteuer Karussell &#8211; Puppenhaus Spielset"},"content":{"rendered":"<p><!-- show up to 2 reviews by default --> <\/p>\n<h3>Produktbeschreibung<\/h3>\n<p>Riesigen Rummelspa\u00df haben die Babys im Sylvanian Families Abenteuer Karussell. Schiebt man die Sonne am oberen Teil des Karussells nach oben und unten verstellt man die H\u00f6he der Flugzeuge. Durch Drehen an der Sonne dreht sich das Karussell und die Baby Figuren fliegen in den Flugzeugen durch die L\u00fcfte. Im Set ist das Karussell mit den beiden Flugzeugen und eine Ahornkatzen Baby Figur enthalten. Ma\u00dfe(BxHxT): 14x22x8cm. Figur ca. 4,5cm gro\u00df. F\u00fcr Kinder ab 3 Jahren geeignet. <\/p>\n<h3>Warnhinweise<\/h3>\n<p>Achtung! Nicht f\u00fcr Kinder unter 3 Jahren geeignet. Erstickungsgefahr, Kleinteile <\/p>\n<p>Sylvanian Families ist eine niedliche Spielzeugkollektion aus Tierfiguren mit beweglichen Armen und Beinen, detailgetreuen Geb\u00e4uden und H\u00e4usern sowie M\u00f6beln und Zubeh\u00f6r. Die Figuren sind handbemalt und die Kleider handgefertigt<br \/>\nMit Ahornkatzen Baby Figur<br \/>\nTolles Karussell mit 2 Flugzeugen, jedes Flugzeug bietet Platz f\u00fcr eine Baby Figur<br \/>\nAn der Sonne k\u00f6nnen die Flugzeuge nach oben und unten gefahren werden und das Karussell gedreht werden<br \/>\nMit anderen Artikeln der Baby Serie kombinierbar<br \/>\n<div class=\"main-cross-sell\" data-asin=\"B07MQ1YJ61\">\n\n\t<div class=\"WooZone-cross-sell-loader\">\n\t\t<div>\n\t\t\t<div id=\"floatingBarsG\">\n\t\t\t\t<div class=\"blockG\" id=\"rotateG_01\"><\/div>\n\t\t\t\t<div class=\"blockG\" id=\"rotateG_02\"><\/div>\n\t\t\t\t<div class=\"blockG\" id=\"rotateG_03\"><\/div>\n\t\t\t\t<div class=\"blockG\" id=\"rotateG_04\"><\/div>\n\t\t\t\t<div class=\"blockG\" id=\"rotateG_05\"><\/div>\n\t\t\t\t<div class=\"blockG\" id=\"rotateG_06\"><\/div>\n\t\t\t\t<div class=\"blockG\" id=\"rotateG_07\"><\/div>\n\t\t\t\t<div class=\"blockG\" id=\"rotateG_08\"><\/div>\n\t\t\t<\/div>\n\t\t\t<div class=\"WooZone-cross-sell-loader-text\"><\/div>\n\t\t<\/div>\n\t<\/div>\n\n\t\t\n<\/div>\n<div style=\"clear:both;\"><\/div>\n","protected":false},"excerpt":{"rendered":"<p>Sylvanian Families ist eine niedliche Spielzeugkollektion aus Tierfiguren mit beweglichen Armen und Beinen, detailgetreuen Geb\u00e4uden und H\u00e4usern sowie M\u00f6beln und Zubeh\u00f6r. Die Figuren sind handbemalt und die Kleider handgefertigt<br \/>\nMit Ahornkatzen Baby Figur<br \/>\nTolles Karussell mit 2 Flugzeugen, jedes Flugzeug bietet Platz f\u00fcr eine Baby Figur<\/p>\n","protected":false},"featured_media":3323,"comment_status":"open","ping_status":"closed","template":"","meta":{"rs_blank_template":"","rs_page_bg_color":"","slide_template_v7":""},"etheme_brands":[],"product_cat":[22],"product_tag":[],"class_list":{"0":"post-3322","1":"product","2":"type-product","3":"status-publish","4":"has-post-thumbnail","6":"product_cat-karussell","7":"pa_brand-sylvanian-families","9":"first","10":"instock","11":"shipping-taxable","12":"purchasable","13":"product-type-simple"},"_links":{"self":[{"href":"https:\/\/www.babyelf.de\/index.php?rest_route=\/wp\/v2\/product\/3322","targetHints":{"allow":["GET"]}}],"collection":[{"href":"https:\/\/www.babyelf.de\/index.php?rest_route=\/wp\/v2\/product"}],"about":[{"href":"https:\/\/www.babyelf.de\/index.php?rest_route=\/wp\/v2\/types\/product"}],"replies":[{"embeddable":true,"href":"https:\/\/www.babyelf.de\/index.php?rest_route=%2Fwp%2Fv2%2Fcomments&post=3322"}],"wp:featuredmedia":[{"embeddable":true,"href":"https:\/\/www.babyelf.de\/index.php?rest_route=\/wp\/v2\/media\/3323"}],"wp:attachment":[{"href":"https:\/\/www.babyelf.de\/index.php?rest_route=%2Fwp%2Fv2%2Fmedia&parent=3322"}],"wp:term":[{"taxonomy":"brand","embeddable":true,"href":"https:\/\/www.babyelf.de\/index.php?rest_route=%2Fwp%2Fv2%2Fetheme_brands&post=3322"},{"taxonomy":"product_cat","embeddable":true,"href":"https:\/\/www.babyelf.de\/index.php?rest_route=%2Fwp%2Fv2%2Fproduct_cat&post=3322"},{"taxonomy":"product_tag","embeddable":true,"href":"https:\/\/www.babyelf.de\/index.php?rest_route=%2Fwp%2Fv2%2Fproduct_tag&post=3322"}],"curies":[{"name":"wp","href":"https:\/\/api.w.org\/{rel}","templated":true}]}}