{"id":2307,"date":"2020-08-21T08:30:51","date_gmt":"2020-08-21T08:30:51","guid":{"rendered":"https:\/\/www.babyelf.de\/?product=amscan-babyflaschen-als-partygeschenk-selbstbefuellbar-mehrfarbig"},"modified":"2026-01-16T08:02:58","modified_gmt":"2026-01-16T07:02:58","slug":"amscan-babyflaschen-als-partygeschenk-selbstbefuellbar-mehrfarbig","status":"publish","type":"product","link":"https:\/\/www.babyelf.de\/?product=amscan-babyflaschen-als-partygeschenk-selbstbefuellbar-mehrfarbig","title":{"rendered":"FAVOR:BABY BOTTLE FILL multi"},"content":{"rendered":"<p><!-- show up to 2 reviews by default --> <\/p>\n<p>Diese s\u00fc\u00dfen bef\u00fcllbaren Flasche sind eine lustige Erg\u00e4nzung f\u00fcr Ihre Babyparty. Sie bestehen aus robustem Kunststoff mit Dreh-Deckel in lila, gelb und gr\u00fcn und sind mit S\u00fc\u00dfigkeiten und Leckereien bef\u00fcllbar; Als Dankesch\u00f6n f\u00fcr Ihre G\u00e4ste zum genie\u00dfen. <\/p>\n<p>Hochwertiges Produkt<br \/>\nF\u00fcr Babypartys<br \/>\nAus Kunststoff;<br \/>\nLieferumfang: 6 Flaschen in 3 Farben<br \/>\n<div class=\"main-cross-sell\" data-asin=\"B003OFO5BI\">\n\n\t<div class=\"WooZone-cross-sell-loader\">\n\t\t<div>\n\t\t\t<div id=\"floatingBarsG\">\n\t\t\t\t<div class=\"blockG\" id=\"rotateG_01\"><\/div>\n\t\t\t\t<div class=\"blockG\" id=\"rotateG_02\"><\/div>\n\t\t\t\t<div class=\"blockG\" id=\"rotateG_03\"><\/div>\n\t\t\t\t<div class=\"blockG\" id=\"rotateG_04\"><\/div>\n\t\t\t\t<div class=\"blockG\" id=\"rotateG_05\"><\/div>\n\t\t\t\t<div class=\"blockG\" id=\"rotateG_06\"><\/div>\n\t\t\t\t<div class=\"blockG\" id=\"rotateG_07\"><\/div>\n\t\t\t\t<div class=\"blockG\" id=\"rotateG_08\"><\/div>\n\t\t\t<\/div>\n\t\t\t<div class=\"WooZone-cross-sell-loader-text\"><\/div>\n\t\t<\/div>\n\t<\/div>\n\n\t\t\n<\/div>\n<div style=\"clear:both;\"><\/div>\n","protected":false},"excerpt":{"rendered":"<p>Hochwertiges Produkt<br \/>\nF\u00fcr Babypartys<br \/>\nAus Kunststoff;<\/p>\n","protected":false},"featured_media":2308,"comment_status":"open","ping_status":"closed","template":"","meta":{"rs_blank_template":"","rs_page_bg_color":"","slide_template_v7":""},"etheme_brands":[],"product_cat":[20],"product_tag":[],"class_list":{"0":"post-2307","1":"product","2":"type-product","3":"status-publish","4":"has-post-thumbnail","6":"product_cat-flaschen","7":"pa_brand-amscan","9":"first","10":"instock","11":"shipping-taxable","12":"product-type-simple"},"_links":{"self":[{"href":"https:\/\/www.babyelf.de\/index.php?rest_route=\/wp\/v2\/product\/2307","targetHints":{"allow":["GET"]}}],"collection":[{"href":"https:\/\/www.babyelf.de\/index.php?rest_route=\/wp\/v2\/product"}],"about":[{"href":"https:\/\/www.babyelf.de\/index.php?rest_route=\/wp\/v2\/types\/product"}],"replies":[{"embeddable":true,"href":"https:\/\/www.babyelf.de\/index.php?rest_route=%2Fwp%2Fv2%2Fcomments&post=2307"}],"wp:featuredmedia":[{"embeddable":true,"href":"https:\/\/www.babyelf.de\/index.php?rest_route=\/wp\/v2\/media\/2308"}],"wp:attachment":[{"href":"https:\/\/www.babyelf.de\/index.php?rest_route=%2Fwp%2Fv2%2Fmedia&parent=2307"}],"wp:term":[{"taxonomy":"brand","embeddable":true,"href":"https:\/\/www.babyelf.de\/index.php?rest_route=%2Fwp%2Fv2%2Fetheme_brands&post=2307"},{"taxonomy":"product_cat","embeddable":true,"href":"https:\/\/www.babyelf.de\/index.php?rest_route=%2Fwp%2Fv2%2Fproduct_cat&post=2307"},{"taxonomy":"product_tag","embeddable":true,"href":"https:\/\/www.babyelf.de\/index.php?rest_route=%2Fwp%2Fv2%2Fproduct_tag&post=2307"}],"curies":[{"name":"wp","href":"https:\/\/api.w.org\/{rel}","templated":true}]}}