{"id":2139,"date":"2020-08-21T08:29:38","date_gmt":"2020-08-21T08:29:38","guid":{"rendered":"https:\/\/www.babyelf.de\/?product=simba-105563965-new-born-baby-magisches-milchflaeschchen-13-cm"},"modified":"2026-01-16T07:55:08","modified_gmt":"2026-01-16T06:55:08","slug":"simba-105563965-new-born-baby-magisches-milchflaeschchen-13-cm","status":"publish","type":"product","link":"https:\/\/www.babyelf.de\/?product=simba-105563965-new-born-baby-magisches-milchflaeschchen-13-cm","title":{"rendered":"Simba 105563965 &#8211; New Born Baby Magisches Milchfl\u00e4schchen, 13 cm"},"content":{"rendered":"<div class=\"disclaim\"> Stil:<strong>Single<\/strong> <\/div>\n<p> <!-- show up to 2 reviews by default --> <\/p>\n<h3>Produktbeschreibung<\/h3>\n<p>NBB Magisches Milchfl\u00e4schchen: Super Dupa\u2026.Gebe deinem P\u00fcppchen das Fl\u00e4schchen und staune wie die Milch verschwindet, wenn das New Born Baby daran nuckelt. F\u00fcr M\u00e4dchen ab 3 Jahren geeignet. <\/p>\n<h3>Warnhinweise<\/h3>\n<p>Nicht f\u00fcr Kinder unter 36 Monaten geeignet <\/p>\n<p>Nicht f\u00fcr Kinder unter 36 Monaten geeignet<br \/>\nMagisches Milchfl\u00e4schchen<br \/>\n<div class=\"main-cross-sell\" data-asin=\"B0009JKD5O\">\n\n\t<div class=\"WooZone-cross-sell-loader\">\n\t\t<div>\n\t\t\t<div id=\"floatingBarsG\">\n\t\t\t\t<div class=\"blockG\" id=\"rotateG_01\"><\/div>\n\t\t\t\t<div class=\"blockG\" id=\"rotateG_02\"><\/div>\n\t\t\t\t<div class=\"blockG\" id=\"rotateG_03\"><\/div>\n\t\t\t\t<div class=\"blockG\" id=\"rotateG_04\"><\/div>\n\t\t\t\t<div class=\"blockG\" id=\"rotateG_05\"><\/div>\n\t\t\t\t<div class=\"blockG\" id=\"rotateG_06\"><\/div>\n\t\t\t\t<div class=\"blockG\" id=\"rotateG_07\"><\/div>\n\t\t\t\t<div class=\"blockG\" id=\"rotateG_08\"><\/div>\n\t\t\t<\/div>\n\t\t\t<div class=\"WooZone-cross-sell-loader-text\"><\/div>\n\t\t<\/div>\n\t<\/div>\n\n\t\t\n<\/div>\n<div style=\"clear:both;\"><\/div>\n","protected":false},"excerpt":{"rendered":"<p>Nicht f\u00fcr Kinder unter 36 Monaten geeignet<br \/>\nMagisches Milchfl\u00e4schchen<\/p>\n","protected":false},"featured_media":2140,"comment_status":"open","ping_status":"closed","template":"","meta":{"rs_blank_template":"","rs_page_bg_color":"","slide_template_v7":""},"etheme_brands":[],"product_cat":[20],"product_tag":[],"class_list":{"0":"post-2139","1":"product","2":"type-product","3":"status-publish","4":"has-post-thumbnail","6":"product_cat-flaschen","7":"pa_brand-simba","9":"first","10":"instock","11":"shipping-taxable","12":"product-type-simple"},"_links":{"self":[{"href":"https:\/\/www.babyelf.de\/index.php?rest_route=\/wp\/v2\/product\/2139","targetHints":{"allow":["GET"]}}],"collection":[{"href":"https:\/\/www.babyelf.de\/index.php?rest_route=\/wp\/v2\/product"}],"about":[{"href":"https:\/\/www.babyelf.de\/index.php?rest_route=\/wp\/v2\/types\/product"}],"replies":[{"embeddable":true,"href":"https:\/\/www.babyelf.de\/index.php?rest_route=%2Fwp%2Fv2%2Fcomments&post=2139"}],"wp:featuredmedia":[{"embeddable":true,"href":"https:\/\/www.babyelf.de\/index.php?rest_route=\/wp\/v2\/media\/2140"}],"wp:attachment":[{"href":"https:\/\/www.babyelf.de\/index.php?rest_route=%2Fwp%2Fv2%2Fmedia&parent=2139"}],"wp:term":[{"taxonomy":"brand","embeddable":true,"href":"https:\/\/www.babyelf.de\/index.php?rest_route=%2Fwp%2Fv2%2Fetheme_brands&post=2139"},{"taxonomy":"product_cat","embeddable":true,"href":"https:\/\/www.babyelf.de\/index.php?rest_route=%2Fwp%2Fv2%2Fproduct_cat&post=2139"},{"taxonomy":"product_tag","embeddable":true,"href":"https:\/\/www.babyelf.de\/index.php?rest_route=%2Fwp%2Fv2%2Fproduct_tag&post=2139"}],"curies":[{"name":"wp","href":"https:\/\/api.w.org\/{rel}","templated":true}]}}