{"id":2000,"date":"2020-08-21T08:23:26","date_gmt":"2020-08-21T08:23:26","guid":{"rendered":"https:\/\/www.babyelf.de\/?product=puseky-strampleroverall-des-neugeborenen-babymaedchens-mit-kapuze-einteilige-bodysuitoberbekleidung"},"modified":"2025-12-29T00:19:20","modified_gmt":"2025-12-28T23:19:20","slug":"puseky-strampleroverall-des-neugeborenen-babymaedchens-mit-kapuze-einteilige-bodysuitoberbekleidung","status":"publish","type":"product","link":"https:\/\/www.babyelf.de\/?product=puseky-strampleroverall-des-neugeborenen-babymaedchens-mit-kapuze-einteilige-bodysuitoberbekleidung","title":{"rendered":"puseky Strampleroverall des neugeborenen Babym\u00e4dchens mit Kapuze Einteilige Bodysuitoberbekleidung,Grau,6-12 Monate (73cm)"},"content":{"rendered":"<p><!-- show up to 2 reviews by default --> <\/p>\n<p>Eigenschaften: <br \/> S\u00fc\u00dfe einteilige Strampler-Overall-Kleidung mit Kapuze f\u00fcr Neugeborene <br \/> Aus hochwertiger Acrylfaser gestrickt, weich, atmungsaktiv und warm zu tragen <br \/> Mit Kapuze und zwei Bommeln macht Ihr Baby mehr entz\u00fcckender <br \/> Knopfverschluss vorne, leicht an- und auszuziehen <br \/> Geeignet f\u00fcr Party, Alltag, Freizeit usw. <br \/> Nur Overall, sonstiges Zubeh\u00f6r nicht enthalten <\/p>\n<p> Spezifikation: <br \/> Material: Acrylfasern <br \/> Farbe: Hellrosa \/Hellblau \/Beigewei\u00df \/Grau (optional) <br \/> Gr\u00f6\u00dfe: 66\/73\/80\/90 (optional) <\/p>\n<p> Hinweis: <br \/> 1. Die gr\u00f6\u00dfe ist nur als referenz. Bitte \u00fcberpr\u00fcfen Sie die Ma\u00dfe, um die richtige Gr\u00f6\u00dfe f\u00fcr Ihr Baby zu w\u00e4hlen! <br \/> Bitte w\u00e4hlen Sie in der Zwischenzeit die gr\u00f6\u00dfere Gr\u00f6\u00dfe, da Babys im gleichen Alter m\u00f6glicherweise eine andere Gr\u00f6\u00dfe haben. <br \/> 2. Bitte erlauben Sie 1-3cm (0.4-1.18 &#8222;) Unterschied wegen des manuellen Ma\u00dfes und der geringf\u00fcgigen Farbver\u00e4nderung f\u00fcr unterschiedliche Anzeigeneinstellungen. <br \/> Vielen Dank f\u00fcr Ihr Verst\u00e4ndnis, sch\u00f6nen Tag! <\/p>\n<p> Paket Beinhaltet: <br \/> 1 x Overall <\/p>\n<p>Material: Der Strampler besteht aus hochwertigen Baumwollstrickmaterialien, ist weich, atmungsaktiv und bequem und schadet der Haut Ihres Babys nicht.<br \/>\nStil: Strickmaterial und Kapuze mit Pom Poms, die Baby-Outfit-Sets sauber und sch\u00f6n machen, sehr sch\u00f6n! Dieser Babyspielanzug ist f\u00fcr die t\u00e4gliche Kleidung Ihres Babys, besondere Anl\u00e4sse, Geburtstage und Fotos geeignet.<br \/>\nKnit<br \/>\nGeschenk: Dieses Baby-Outfit-Set ist das beste Geschenk f\u00fcr Ihren s\u00fc\u00dfen Kleinkind-Baby-Geburtstag, Cousin-Baby, Nichten-Baby, Enkelin &#8230; Speziell f\u00fcr Ihr kleines Baby. Erschwinglich und langlebig.<br \/>\nGr\u00f6\u00dfe: Baby stricken kapuze strampler fit f\u00fcr neugeborene kleinkind baby 0-6 monate, 6-12 monate, 12-18 monate, 18-24 monate, 0-2 jahre alt.<br \/>\nPaket: 1 x Hoodie Strampler, geeignet f\u00fcr Fr\u00fchling, Herbst und Winter, und kalte Tage.<br \/>\n<div class=\"main-cross-sell\" data-asin=\"B07W7D6H45\">\n\n\t<div class=\"WooZone-cross-sell-loader\">\n\t\t<div>\n\t\t\t<div id=\"floatingBarsG\">\n\t\t\t\t<div class=\"blockG\" id=\"rotateG_01\"><\/div>\n\t\t\t\t<div class=\"blockG\" id=\"rotateG_02\"><\/div>\n\t\t\t\t<div class=\"blockG\" id=\"rotateG_03\"><\/div>\n\t\t\t\t<div class=\"blockG\" id=\"rotateG_04\"><\/div>\n\t\t\t\t<div class=\"blockG\" id=\"rotateG_05\"><\/div>\n\t\t\t\t<div class=\"blockG\" id=\"rotateG_06\"><\/div>\n\t\t\t\t<div class=\"blockG\" id=\"rotateG_07\"><\/div>\n\t\t\t\t<div class=\"blockG\" id=\"rotateG_08\"><\/div>\n\t\t\t<\/div>\n\t\t\t<div class=\"WooZone-cross-sell-loader-text\"><\/div>\n\t\t<\/div>\n\t<\/div>\n\n\t\t\n<\/div>\n<div style=\"clear:both;\"><\/div>\n","protected":false},"excerpt":{"rendered":"<p>Material: Der Strampler besteht aus hochwertigen Baumwollstrickmaterialien, ist weich, atmungsaktiv und bequem und schadet der Haut Ihres Babys nicht.<br \/>\nStil: Strickmaterial und Kapuze mit Pom Poms, die Baby-Outfit-Sets sauber und sch\u00f6n machen, sehr sch\u00f6n! Dieser Babyspielanzug ist f\u00fcr die t\u00e4gliche Kleidung Ihres Babys, besondere Anl\u00e4sse, Geburtstage und Fotos geeignet.<br \/>\nKnit<\/p>\n","protected":false},"featured_media":2001,"comment_status":"open","ping_status":"closed","template":"","meta":{"rs_blank_template":"","rs_page_bg_color":"","slide_template_v7":""},"etheme_brands":[],"product_cat":[16],"product_tag":[],"class_list":{"0":"post-2000","1":"product","2":"type-product","3":"status-publish","4":"has-post-thumbnail","6":"product_cat-bekleidung","7":"pa_brand-puseky","9":"first","10":"instock","11":"shipping-taxable","12":"product-type-simple"},"_links":{"self":[{"href":"https:\/\/www.babyelf.de\/index.php?rest_route=\/wp\/v2\/product\/2000","targetHints":{"allow":["GET"]}}],"collection":[{"href":"https:\/\/www.babyelf.de\/index.php?rest_route=\/wp\/v2\/product"}],"about":[{"href":"https:\/\/www.babyelf.de\/index.php?rest_route=\/wp\/v2\/types\/product"}],"replies":[{"embeddable":true,"href":"https:\/\/www.babyelf.de\/index.php?rest_route=%2Fwp%2Fv2%2Fcomments&post=2000"}],"wp:featuredmedia":[{"embeddable":true,"href":"https:\/\/www.babyelf.de\/index.php?rest_route=\/wp\/v2\/media\/2001"}],"wp:attachment":[{"href":"https:\/\/www.babyelf.de\/index.php?rest_route=%2Fwp%2Fv2%2Fmedia&parent=2000"}],"wp:term":[{"taxonomy":"brand","embeddable":true,"href":"https:\/\/www.babyelf.de\/index.php?rest_route=%2Fwp%2Fv2%2Fetheme_brands&post=2000"},{"taxonomy":"product_cat","embeddable":true,"href":"https:\/\/www.babyelf.de\/index.php?rest_route=%2Fwp%2Fv2%2Fproduct_cat&post=2000"},{"taxonomy":"product_tag","embeddable":true,"href":"https:\/\/www.babyelf.de\/index.php?rest_route=%2Fwp%2Fv2%2Fproduct_tag&post=2000"}],"curies":[{"name":"wp","href":"https:\/\/api.w.org\/{rel}","templated":true}]}}