{"id":1715,"date":"2020-08-21T08:21:22","date_gmt":"2020-08-21T08:21:22","guid":{"rendered":"https:\/\/www.babyelf.de\/?product=noppies-baby-jungen-b-playsuit-ls-bonham-spieler"},"modified":"2026-01-16T09:21:52","modified_gmt":"2026-01-16T08:21:52","slug":"noppies-baby-jungen-b-playsuit-ls-bonham-spieler","status":"publish","type":"product","link":"https:\/\/www.babyelf.de\/?product=noppies-baby-jungen-b-playsuit-ls-bonham-spieler","title":{"rendered":"Noppies Baby-Jungen B Playsuit ls Bonham Spieler, Blau (Dark Sapphire P208), (Herstellergr\u00f6\u00dfe: 62)"},"content":{"rendered":"<p><!-- show up to 2 reviews by default --> <\/p>\n<p>Dass unsere Kollektion vom kalten Norden mit seinen wundersch\u00f6nen Berggipfeln inspiriert wurde, zeigt der Strampler Bonham von Noppies deutlich. Der Strampler ist aus verantwortungsbewusst produzierter Baumwolle und wurde mit Stretch angereichert. Hierdurch kann sich dein Baby frei bewegen. Der saphirblaue Strampler ist mit einem grafischen Motiv aus Berggipfeln in einer weichen Struktur versehen. Au\u00dferdem hat der Strampler eine abenteuerliche Applikation sowie einen praktischen Windelverschluss. Die Konfektionsgr\u00f6\u00dfe entspricht der K\u00f6rpergr\u00f6\u00dfe. <\/p>\n<p>Kragenform: Rundhals<br \/>\nLangarm<br \/>\n70% Baumwolle, 30% Polyester<br \/>\nPflegehinweis: Maschinenw\u00e4sche kalt (30\u00b0 max)<br \/>\nModellnummer: 94720<br \/>\n<div class=\"main-cross-sell\" data-asin=\"B07N277F2V\">\n\n\t<div class=\"WooZone-cross-sell-loader\">\n\t\t<div>\n\t\t\t<div id=\"floatingBarsG\">\n\t\t\t\t<div class=\"blockG\" id=\"rotateG_01\"><\/div>\n\t\t\t\t<div class=\"blockG\" id=\"rotateG_02\"><\/div>\n\t\t\t\t<div class=\"blockG\" id=\"rotateG_03\"><\/div>\n\t\t\t\t<div class=\"blockG\" id=\"rotateG_04\"><\/div>\n\t\t\t\t<div class=\"blockG\" id=\"rotateG_05\"><\/div>\n\t\t\t\t<div class=\"blockG\" id=\"rotateG_06\"><\/div>\n\t\t\t\t<div class=\"blockG\" id=\"rotateG_07\"><\/div>\n\t\t\t\t<div class=\"blockG\" id=\"rotateG_08\"><\/div>\n\t\t\t<\/div>\n\t\t\t<div class=\"WooZone-cross-sell-loader-text\"><\/div>\n\t\t<\/div>\n\t<\/div>\n\n\t\t\n<\/div>\n<div style=\"clear:both;\"><\/div>\n","protected":false},"excerpt":{"rendered":"<p>Kragenform: Rundhals<br \/>\nLangarm<br \/>\n70% Baumwolle, 30% Polyester<\/p>\n","protected":false},"featured_media":1716,"comment_status":"open","ping_status":"closed","template":"","meta":{"rs_blank_template":"","rs_page_bg_color":"","slide_template_v7":""},"etheme_brands":[],"product_cat":[16],"product_tag":[],"class_list":{"0":"post-1715","1":"product","2":"type-product","3":"status-publish","4":"has-post-thumbnail","6":"product_cat-bekleidung","7":"pa_brand-noppies","9":"first","10":"instock","11":"shipping-taxable","12":"product-type-simple"},"_links":{"self":[{"href":"https:\/\/www.babyelf.de\/index.php?rest_route=\/wp\/v2\/product\/1715","targetHints":{"allow":["GET"]}}],"collection":[{"href":"https:\/\/www.babyelf.de\/index.php?rest_route=\/wp\/v2\/product"}],"about":[{"href":"https:\/\/www.babyelf.de\/index.php?rest_route=\/wp\/v2\/types\/product"}],"replies":[{"embeddable":true,"href":"https:\/\/www.babyelf.de\/index.php?rest_route=%2Fwp%2Fv2%2Fcomments&post=1715"}],"wp:featuredmedia":[{"embeddable":true,"href":"https:\/\/www.babyelf.de\/index.php?rest_route=\/wp\/v2\/media\/1716"}],"wp:attachment":[{"href":"https:\/\/www.babyelf.de\/index.php?rest_route=%2Fwp%2Fv2%2Fmedia&parent=1715"}],"wp:term":[{"taxonomy":"brand","embeddable":true,"href":"https:\/\/www.babyelf.de\/index.php?rest_route=%2Fwp%2Fv2%2Fetheme_brands&post=1715"},{"taxonomy":"product_cat","embeddable":true,"href":"https:\/\/www.babyelf.de\/index.php?rest_route=%2Fwp%2Fv2%2Fproduct_cat&post=1715"},{"taxonomy":"product_tag","embeddable":true,"href":"https:\/\/www.babyelf.de\/index.php?rest_route=%2Fwp%2Fv2%2Fproduct_tag&post=1715"}],"curies":[{"name":"wp","href":"https:\/\/api.w.org\/{rel}","templated":true}]}}